mainder when 22 is divided by f?
4
Let n(k) be the second derivative of k**5/20 + k**4/12 - 2*k**3/3 + 3*k**2 - 23*k. What is the remainder when 32 is divided by n(2)?
2
Let i(g) = -g**2 - 7*g + 2. Let v = -14 - -8. Suppose -22 = 3*q - 91. What is the remainder when q is divided by i(v)?
7
Let i = 19 - 19. Calculate the remainder when 34 is divided by 0 + (-6)/2 + 22 + i.
15
What is the remainder when 7 - ((-8 - 33) + -7) is divided by 32?
23
Suppose 5*j = 2*j + 120. Let d = 18 - 14. Calculate the remainder when j is divided by 14/d*(1 + 3).
12
Let w(q) = 191*q - 3. Calculate the remainder when w(1) is divided by 19.
17
Let y(v) = 2*v**2 - 36*v + 69. Calculate the remainder when 277 is divided by y(17).
32
Calculate the remainder when 191 is divided by 16*18*11/66.
47
What is the remainder when 959 is divided by (-4)/(((-27)/(-90))/(96/(-20)))?
63
Suppose 851 = -3*a + 221. Calculate the remainder when 23 is divided by (2/(-3))/(-8 - a/27).
2
Let n = 1085 + -752. Calculate the remainder when n is divided by 42.
39
Suppose 104 = 2*l - 3*w, -5*w - 158 = 5*l - 8*l. What is the remainder when l is divided by 22?
2
Suppose 14*x - 630 = 5*x. Calculate the remainder when 908 is divided by x.
68
Let u(z) = 5*z - 8. Let v be u(-5). Calculate the remainder when 44 is divided by 1*-3*55/v.
4
Let p(f) = 2*f**2 - 11*f - 1. Suppose 6*z + 4*h = 3*z - 71, 4*z = -5*h - 95. Let i = z - -42. What is the remainder when i is divided by p(6)?
2
Suppose -z + 0*h = 5*h - 76, 0 = -3*z - 2*h + 176. Let m(t) = -12*t + 247. Calculate the remainder when z is divided by m(19).
18
Let i = 23 - -22. Let w be (3/2 - 1)*8. Suppose 0 = -w*l - 4*d + 32, -3*l = -0*l + 4*d - 20. Calculate the remainder when i is divided by l.
9
What is the remainder when 308 is divided by 1631/42 + 1/6?
35
Let u = 28 - 26. Suppose -2*y - 5*a + 0 - 3 = 0, 4*y - u*a - 54 = 0. Calculate the remainder when 20 is divided by y.
9
Let z(n) = -n**2 - 6*n + 2. Let u be z(-6). Suppose 2*c = 26 + u. Suppose 0 = w + 5*w - 330. Calculate the remainder when w is divided by c.
13
Suppose 2*v + 3*v - 150 = z, -4*z = -20. Suppose -v + 8 = -o. What is the remainder when o is divided by 6?
5
Suppose 5*s - 435 = -5*r, 8*s - 12*s + 2*r + 372 = 0. Calculate the remainder when s is divided by 47.
44
Suppose 43 = 3*j + 2*o, j + 3*o = 14 - 2. What is the remainder when 643 is divided by j?
13
What is the remainder when -11 + 2 - (-4719)/33 is divided by 28?
22
Let p = -1567 + 1645. Calculate the remainder when 113 is divided by p.
35
Suppose i = 2*i + b - 3, 1 = -3*i - 5*b. Suppose 3*n + 36 = 2*m - 2*n, 0 = 3*m - 4*n - 68. Calculate the remainder when m is divided by i.
4
Suppose 45*l - 10 = 40*l. Suppose j + l*j = 189. Let p = 0 - -11. What is the remainder when j is divided by p?
8
Suppose -4*n + 0*u = u - 2, -12 = -4*n + 4*u. Let k(i) = i**2 + 2*i - 1. Let o be k(n). What is the remainder when 4 is divided by 1/(4/8) + o?
0
Suppose -d + 5*r + 326 = d, 0 = 5*d + 4*r - 815. What is the remainder when d is divided by 19?
11
Suppose -3*r = -16*r + 481. What is the remainder when r is divided by 9?
1
Suppose 45*z - 56*z + 374 = 0. What is the remainder when 405 is divided by z?
31
Let p(c) = c + 5. Let w be p(-5). Suppose w = -4*g + 43 + 13. Suppose -3*v + 3*a + 208 = 2*v, 2*v + 3*a - 79 = 0. What is the remainder when v is divided by g?
13
Let j(p) = -5*p**2 - 3*p - 6 - 3*p + p**3 + p + 0*p**3. Let i be j(6). Suppose i = -5*d - 0*d + 10. What is the remainder when 5 is divided by d?
1
Suppose 0*m + 701 = 2*r - m, -4*m - 1059 = -3*r. Suppose 41 - r = -7*j. What is the remainder when 131 is divided by j?
43
Suppose 17 - 32 = -r. Let g(l) = -2*l + 5. Let v be g(-5). Suppose -2*h + r = -v. Calculate the remainder when 27 is divided by h.
12
Let l(p) = -p**2 - 15*p + 46. Calculate the remainder when 202 is divided by l(-15).
18
Let a = 389 - 382. What is the remainder when 12 is divided by a?
5
Let u(i) = -i**2 + 11*i - 6. Let y be u(13). Let n = 36 + y. Suppose 0 = 2*t + 3*w - 5, 3*t + 5*w = -t + 13. What is the remainder when t is divided by n?
3
Let h be ((-252)/(-45))/((-3)/(-30)). Suppose 0*j + 24 = j - 3*t, -5*t = -3*j + h. Calculate the remainder when 28 is divided by j.
4
Let j = 15 - 14. What is the remainder when -5*(j + 0 + -2) is divided by 4?
1
Let f(y) = -39*y - 439. What is the remainder when f(-14) is divided by 38?
31
Calculate the remainder when 336 is divided by (-14)/(-77) + (-1116)/(-33).
30
Let q = 222 + -215. What is the remainder when 9 is divided by q?
2
Let y = 3 + -6. What is the remainder when (34 + y)/((-2)/(-4)) is divided by 249/12 + 3/(2 + 10)?
20
Suppose 0 = 5*z - 5*i - 200, -3*i = z - 17 - 19. What is the remainder when 1820/12 - (10/(-15))/2 is divided by z?
35
Let w be -2 + 0/5 + 1. Suppose -3*y = -8*y - 30. Calculate the remainder when 45 is divided by (4/y)/(w/36).
21
Let c(j) = -j**3 - 6*j**2 + 2*j - 1. Suppose 6 + 8 = -2*l. What is the remainder when c(l) is divided by 9?
7
Let j = 149 + -29. Suppose 10*g - j = 2*g. Calculate the remainder when 86 is divided by g.
11
Let h = 1396 + -684. What is the remainder when h is divided by 42?
40
Suppose -4*p = 5*o - 11 - 98, -2*p + 49 = -3*o. Suppose -48 = -p*c + 23*c. Calculate the remainder when 44 is divided by c.
12
Let r = 1531 - 1495. What is the remainder when 130 is divided by r?
22
Suppose -215 = -5*g - c, g + 104 = 3*g + 4*c. What is the remainder when g is divided by (-8)/(-64) + 15/(-80)*-122?
19
What is the remainder when (0/4)/2 - 1*-61 is divided by 21?
19
Let j(o) = -o**3 + o + 42. Calculate the remainder when j(0) is divided by (-4)/10 + 11*49/35.
12
Let d(l) = -20*l - 540. What is the remainder when 484 is divided by d(-35)?
4
Let d = -10 - -8. What is the remainder when d/8*340/(-5) is divided by 50/6 - (-4)/6?
8
Let p(v) = 2*v**3 + 5*v**2 - 4*v + 1. What is the remainder when 105 is divided by p(3)?
17
Let b(x) = -x**3 + 21*x**2 + 44*x + 85. Calculate the remainder when 221 is divided by b(23).
26
Let y be 3*(70/(-15) + 4). Calculate the remainder when 27 is divided by 5*((y - 0) + 4).
7
Suppose 2*x + 331 - 393 = 0. Calculate the remainder when 1549 is divided by x.
30
Suppose -2*p = -4*i, -2*p - 2*p = -3*i - 15. Let g(z) = 3*z**2 + 4*z - 4. Let o(m) = 3*m + 40. Let f be o(-13). What is the remainder when p is divided by g(f)?
0
Suppose -2*i - 3*i + 310 = 0. Suppose i + 16 = 6*q. What is the remainder when q is divided by 4?
1
Suppose 34*y + 3*y = 2701. What is the remainder when 728 is divided by y?
71
Suppose -3*a + 28 + 44 = 0. Suppose a = w + w. Suppose 30 = 6*g - w. What is the remainder when g is divided by 3?
1
Let l(u) = 5*u**2 + 7*u - 13. Let z be l(-7). Let k = z + -124. What is the remainder when k is divided by 6?
5
Let p(j) = -75*j - 54. Calculate the remainder when 146 is divided by p(-1).
20
Suppose 3*f + w = -0*w - 11, -41 = 5*f - 4*w. Let m = 10 + f. Suppose 2*c + 0*c = m*o - 306, 0 = 4*o + 5*c - 258. What is the remainder when o is divided by 16?
14
Suppose 4*t + 2*r - 19 = -r, -3*t - 2*r + 15 = 0. Suppose -t*v + 177 = -4*v. Calculate the remainder when v is divided by 15.
14
Let q(m) = m**2 + 26*m + 149. Calculate the remainder when 68 is divided by q(-18).
3
Let c = 37 - 18. Suppose -2*u + 13 + c = 0. Calculate the remainder when 62 is divided by u.
14
Let w = 54 - 42. Suppose w*a - 31 = 10*a + i, 0 = -4*a + i + 63. Calculate the remainder when 109 is divided by a.
13
Suppose 3*u + 2*u = 25. Let y = 3 + -2. What is the remainder when -2 + -6*u/(-10) is divided by y?
0
Calculate the remainder when 62 is divided by 4 - 7 - 1*(5 - 36).
6
Let p be (0 - 172/8) + (-12)/(-8). Calculate the remainder when 171 is divided by (-8)/p - 1065/(-25).
42
Suppose 21*n = 15*n + 12. Calculate the remainder when 29 is divided by (-7 - -6)/((1 + n)/(-30)).
9
Let y = -277 + -21. What is the remainder when 39 is divided by y/(-14) - (-30)/(-105)?
18
Calculate the remainder when 9/6*(3 - 159/(-9)) is divided by 31.
0
Suppose 2*b - 306 = -0*w + 4*w, b = -2*w + 173. Suppose 0 = 4*m - 161 - b. Calculate the remainder when m is divided by 42.
39
Suppose q - 30 = z - 4*q, -5*q = -2*z - 35. Let n = z - -8. Suppose -15 + 30 = -3*y + 7*f, 0 = -4*y + f + 5. What is the remainder when n is divided by y?
1
Suppose 10*v = 12*v. Suppose v =